at is 2 + 1121010?
1121012
In base 5, what is -1001321 - -10?
-1001311
In base 11, what is 23 + 5?
28
In base 14, what is a33c - 1?
a33b
In base 11, what is -7 + 3?
-4
In base 3, what is 1010 - -212?
1222
In base 11, what is 2 - 34?
-32
In base 16, what is 226e + 5?
2273
In base 15, what is -245 + -9?
-24e
In base 13, what is -5 + 1b0?
1a8
In base 3, what is 0 - 111010?
-111010
In base 9, what is 2 + -682?
-680
In base 8, what is -1340 + 0?
-1340
In base 11, what is -424 - 9?
-432
In base 16, what is 52 - -98?
ea
In base 6, what is 1 - 100?
-55
In base 4, what is 11130 - 12?
11112
In base 13, what is 0 + 304?
304
In base 7, what is 24 - 63?
-36
In base 15, what is -ac - -4?
-a8
In base 2, what is 1101000 - 1001?
1011111
In base 15, what is -2ec - 0?
-2ec
In base 5, what is 0 + 202100?
202100
In base 6, what is -1421 + 2?
-1415
In base 9, what is -3 + -173?
-176
In base 14, what is a - 394?
-388
In base 6, what is 0 - -132?
132
In base 10, what is 1 + 744?
745
In base 2, what is 101011 - 101?
100110
In base 6, what is 243 - 3?
240
In base 12, what is 2 + -446a?
-4468
In base 13, what is -66 - 2?
-68
In base 6, what is 1044 + -14?
1030
In base 5, what is 2 + 4110?
4112
In base 13, what is -481 + 3?
-47b
In base 14, what is c56 + b?
c63
In base 3, what is 12 + -102?
-20
In base 13, what is 51 + -19c?
-14b
In base 2, what is 111001111 - -10000?
111011111
In base 15, what is 2 + -8a?
-88
In base 14, what is 25b + 5?
262
In base 7, what is -4 + 31?
24
In base 6, what is -5 + 123?
114
In base 3, what is 2120 + -112002?
-102112
In base 10, what is -2 + -48?
-50
In base 14, what is -34 - 3?
-37
In base 13, what is 2 + -30?
-2b
In base 4, what is 111 - -232?
1003
In base 13, what is -2755 - 0?
-2755
In base 13, what is 21 + -15?
9
In base 5, what is 3 + 101?
104
In base 7, what is 23105 - -2?
23110
In base 4, what is -210233 - 11?
-210310
In base 8, what is 3 - 366?
-363
In base 3, what is 2 + 202000?
202002
In base 8, what is 2 + -121?
-117
In base 12, what is -43 + -6?
-49
In base 9, what is -2 + 614?
612
In base 8, what is 2 - 305?
-303
In base 7, what is 144151 - 5?
144143
In base 16, what is -1a + -10?
-2a
In base 7, what is 0 - 2116?
-2116
In base 14, what is -34 + -c?
-42
In base 6, what is 121 + 3?
124
In base 16, what is d8 - 2?
d6
In base 14, what is 9 - -5c?
67
In base 16, what is 5 + -1?
4
In base 6, what is -31 + -404?
-435
In base 3, what is -2 - 1112?
-1121
In base 9, what is 6 - -2?
8
In base 2, what is -110110000 - 11?
-110110011
In base 9, what is -82 - 1?
-83
In base 12, what is b + -147?
-138
In base 8, what is -316 + -1?
-317
In base 15, what is e - -3e?
4d
In base 12, what is 3 + -59?
-56
In base 15, what is -17 - 0?
-17
In base 16, what is 1a - 5?
15
In base 13, what is 4 - b39?
-b35
In base 12, what is 125 - -1?
126
In base 15, what is 24 - 3d?
-19
In base 10, what is 2994 + -2?
2992
In base 10, what is 4 - -356?
360
In base 4, what is -3 - -1320?
1311
In base 15, what is 98 + 1?
99
In base 16, what is 45 - 6?
3f
In base 3, what is -20022010 + 0?
-20022010
In base 6, what is 0 + -33?
-33
In base 16, what is -1 + -25?
-26
In base 15, what is b + -22?
-16
In base 6, what is 150 - -2?
152
In base 11, what is -9 + 174?
166
In base 15, what is 96 - 5?
91
In base 6, what is 24 - -2525?
2553
In base 15, what is -50 + -17?
-67
In base 9, what is -6182 + 5?
-6176
In base 2, what is 11000 + 11000?
110000
In base 16, what is -1e + 0?
-1e
In base 12, what is -1 + 31?
30
In base 6, what is -11 - -105?
54
In base 11, what is -187 + 4?
-183
In base 11, what is -5 - -466?
461
In base 6, what is -5233 + 3?
-5230
In base 4, what is 11111 - -1?
11112
In base 10, what is 100 - -1?
101
In base 4, what is 2 + -1203?
-1201
In base 10, what is -3414 - -6?
-3408
In base 5, what is -34 - 2?
-41
In base 14, what is 2c3 + -b?
2b6
In base 11, what is -5 + 125?
120
In base 7, what is -1062 + 2?
-1060
In base 14, what is 4 + -c2?
-bc
In base 14, what is -1b8 + -10?
-1c8
In base 15, what is -25 + -17?
-3c
In base 4, what is 3 + 22?
31
In base 7, what is 0 + 220?
220
In base 5, what is 212 - -1200?
1412
In base 8, what is 3 - 125?
-122
In base 8, what is -5747 + -3?
-5752
In base 11, what is 3 + -8a5?
-8a2
In base 14, what is -1290 + 1?
-128d
In base 3, what is -11 + 1011?
1000
In base 12, what is -3 + -1b?
-22
In base 16, what is 4c + e6?
132
In base 10, what is -3 - 73?
-76
In base 6, what is 131 - -22?
153
In base 11, what is 1294 + -5?
128a
In base 15, what is 1d - -e6?
114
In base 3, what is -20 - 0?
-20
In base 11, what is -202 + 9?
-1a4
In base 4, what is 2322 - -232?
3220
In base 11, what is 436 - -2?
438
In base 9, what is -10 - 2?
-12
In base 11, what is -1a65 + -4?
-1a69
In base 15, what is -1e - 29e?
-2bd
In base 4, what is -3 - -3210?
3201
In base 9, what is 0 - -57?
57
In base 2, what is -1010001 - 10?
-1010011
In base 3, what is 12 - 12101?
-12012
In base 13, what is -4516 + 3?
-4513
In base 11, what is -1 + -74?
-75
In base 3, what is -201212 - 1?
-201220
In base 11, what is 5 - a3?
-99
In base 7, what is -5 + -20052?
-20060
In base 8, what is 4 + 1354?
1360
In base 8, what is 13 + -2?
11
In base 4, what is 12 - -12?
30
In base 15, what is -5d - 3?
-61
In base 11, what is -4 - -25?
21
In base 11, what is 1570 - -5?
1575
In base 12, what is -8b + -8?
-97
In base 2, what is -101 + -10000110011?
-10000111000
In base 12, what is -9 - -1a?
11
In base 3, what is 1001 - 100?
201
In base 8, what is -431 - -1?
-430
In base 10, what is -19050 - -2?
-19048
In base 12, what is -173 + 1?
-172
In base 16, what is 477 + -6?
471
In base 3, what is -22 + -10122100?
-10122122
In base 3, what is 110 + 10102?
10212
In base 7, what is -11 + 12?
1
In base 11, what is -637 + -1?
-638
In base 13, what is -105 - 4b?
-153
In base 4, what is 2 - -333?
1001
In base 4, what is 21123 - -2?
21131
In base 13, what is 1 + 7?
8
In base 8, what is 144 - 2?
142
In base 2, what is 10 - -110110?
111000
In base 10, what is -3 - 248?
-251
In base 9, what is -8500 - -3?
-8486
In base 5, what is 3 - -312?
320
In base 6, what is 3230 - -4?
3234
In base 3, what is 1020012 + 10?
1020022
In base 15, what is -1b - 113?
-12e
In base 11, what is 124 + -5?
11a
In base 12, what is -7 - b2?
-b9
In base 9, what is -183 + -14?
-207
In base 11, what is 27 - -13?
3a
In base 3, what is 110001 + -12?
102212
In base 10, what is 2974 + -1?
2973
In base 6, what is -5 + -54?
-103
In base 16, what is 9 - 381?
-378
In base 9, what is -254 - 3?
-257
In base 8, what is -2 + -3?
-5
In base 6, what is 2304 + -5?
2255
In base 9, what is 7542 - 0?
7542
In base 5, what is 0 + 11?
11
In base 16, what is -4 + -33?
-37
In base 12, what is 3 - -3a18?
3a1b
In base 9, what is -4 - 723?
-727
In base 2, what is -11101 - 11100?
-111001
In base 16, what is -1 + 42?
41
In base 16, what is 1 + -6db?
-6da
In base 15, what is -e + 14?
5
In base 5, what is -402410 - 10?
-402420
In base 4, what is -311 - -10?
-301
In base 6, what is 1 + 3115?
3120
In base 9, what is -240 - 7?
-247
In base 3, what is -10022201 + 12?
-10022112
In base 8, what is -5 - 6?
-13
In base 12, what is -3 + -1b8?
-1bb
In base 16, what is 19 + 4?
1d
In base 11, what is -51 + 3?
-49
In base 2, what is -111 + -1000000111101?
-1000001000100
In base 6, what is -41 + 102?
21
In base 9, what is -75 - -28?
-46
In base 15, what is d - 56?
-48
In base 7, what is 3 + 123?
126
In base 2, what is 1001111 + 101?
1010100
In base 15, what is -3 - 198?
-19b
In base 2, what is -11 + 10100000?
10011101
In base 12, what is -4 + 6?
2
In base 8, what is -4 + 601?
575
In base 16, what is -4 - -11?
d
In base 14, what is -9 - -3b?
32
In base 15, what is 14 - -171?
185
In base 7, what is 231 - -11?
242
In base 5, what is -13 + -243?
-311
In base 15, what is -9 - -8?
-1
In base 11, what is -21 - -8?
-14
In base 13, what is 22 + -b1?
-8c
In base 8, what is -53 + -435?
-510
In base 7, what is 3 + 3534?
3540
In base 10, what is 459 + -1?
458
In base 5, what is 12 + 10301?
10313
In base 9, what is 5 + -1316?
-1311
In base 3, what is 11 - 100120022?
-100120011
In base 10, what is 134 - 18?
116
In base 5, what is 4 - -310?
314
In base 15, what is -5 + a0?
9a
In base 10, what is -2 - 561?
-563
In base 15, what is -74 - -4?
-70
In base 8, what is -37 - 2?
-41
In base 8, what is -2 - 345?
